8.
197
Calculate the remainder when 93385 is divided by 30.
25
What is the remainder when 199635 is divided by 62?
57
What is the remainder when 203 is divided by 34?
33
What is the remainder when 43289 is divided by 437?
26
What is the remainder when 36291 is divided by 5181?
24
Calculate the remainder when 342 is divided by 49.
48
What is the remainder when 5791 is divided by 410?
51
Calculate the remainder when 18202 is divided by 102.
46
Calculate the remainder when 175372 is divided by 18.
16
Calculate the remainder when 676994 is divided by 1376.
2
Calculate the remainder when 7653 is divided by 689.
74
Calculate the remainder when 119845 is divided by 85.
80
What is the remainder when 13895 is divided by 135?
125
What is the remainder when 7453 is divided by 3700?
53
Calculate the remainder when 35901 is divided by 5951.
195
What is the remainder when 6378293 is divided by 13?
12
Calculate the remainder when 319294 is divided by 4497.
7
What is the remainder when 17778 is divided by 17711?
67
What is the remainder when 55223 is divided by 117?
116
Calculate the remainder when 1567 is divided by 3.
1
Calculate the remainder when 20062 is divided by 802.
12
What is the remainder when 15169 is divided by 316?
1
What is the remainder when 4687 is divided by 893?
222
Calculate the remainder when 210537 is divided by 16194.
15
Calculate the remainder when 384 is divided by 175.
34
Calculate the remainder when 3569 is divided by 1158.
95
What is the remainder when 5259 is divided by 50?
9
Calculate the remainder when 172596 is divided by 34519.
1
What is the remainder when 1808810 is divided by 42?
38
Calculate the remainder when 8506 is divided by 45.
1
Calculate the remainder when 1987 is divided by 1929.
58
What is the remainder when 12140 is divided by 23?
19
Calculate the remainder when 20404 is divided by 1473.
1255
Calculate the remainder when 2599 is divided by 100.
99
What is the remainder when 39899 is divided by 13297?
8
Calculate the remainder when 3038 is divided by 1210.
618
What is the remainder when 9474 is divided by 27?
24
What is the remainder when 36472 is divided by 29?
19
Calculate the remainder when 7023 is divided by 5.
3
Calculate the remainder when 62312 is divided by 831.
818
What is the remainder when 13601 is divided by 3354?
185
Calculate the remainder when 1876572 is divided by 311.
309
What is the remainder when 3033 is divided by 65?
43
Calculate the remainder when 4209 is divided by 999.
213
What is the remainder when 36865 is divided by 11?
4
What is the remainder when 52189 is divided by 16?
13
Calculate the remainder when 5133 is divided by 1530.
543
Calculate the remainder when 634807 is divided by 43.
41
Calculate the remainder when 58660 is divided by 278.
2
What is the remainder when 57903 is divided by 28934?
35
Calculate the remainder when 15277 is divided by 90.
67
What is the remainder when 3032 is divided by 163?
98
What is the remainder when 22310 is divided by 287?
211
What is the remainder when 1323 is divided by 35?
28
What is the remainder when 24773 is divided by 139?
31
What is the remainder when 10439 is divided by 5219?
1
Calculate the remainder when 613264 is divided by 44.
36
What is the remainder when 31518 is divided by 6286?
88
Calculate the remainder when 62870 is divided by 227.
218
Calculate the remainder when 1960 is divided by 1915.
45
What is the remainder when 14194 is divided by 121?
37
Calculate the remainder when 1029 is divided by 529.
500
What is the remainder when 8251 is divided by 47?
26
Calculate the remainder when 27806 is divided by 13893.
20
What is the remainder when 7438 is divided by 6953?
485
What is the remainder when 519 is divided by 46?
13
What is the remainder when 2478 is divided by 145?
13
What is the remainder when 867 is divided by 780?
87
What is the remainder when 23263 is divided by 23076?
187
What is the remainder when 819 is divided by 392?
35
Calculate the remainder when 4616 is divided by 291.
251
What is the remainder when 8370932 is divided by 1954?
1950
Calculate the remainder when 139955 is divided by 10760.
75
What is the remainder when 2771168 is divided by 59?
56
Calculate the remainder when 148876 is divided by 54.
52
Calculate the remainder when 51582 is divided by 119.
55
Calculate the remainder when 343310 is divided by 933.
899
What is the remainder when 3794 is divided by 725?
169
What is the remainder when 12825 is divided by 5204?
2417
What is the remainder when 77080 is divided by 3351?
7
Calculate the remainder when 482 is divided by 132.
86
Calculate the remainder when 6218 is divided by 1980.
278
Calculate the remainder when 1449735 is divided by 114.
111
Calculate the remainder when 2979 is divided by 142.
139
Calculate the remainder when 13115 is divided by 199.
180
Calculate the remainder when 7927 is divided by 10.
7
What is the remainder when 34329 is divided by 33?
9
What is the remainder when 2759 is divided by 221?
107
What is the remainder when 28290 is divided by 1903?
1648
What is the remainder when 1948 is divided by 7?
2
What is the remainder when 6509 is divided by 17?
15
Calculate the remainder when 26628 is divided by 11.
8
What is the remainder when 8818 is divided by 462?
40
Calculate the remainder when 901 is divided by 71.
49
What is the remainder when 10890 is divided by 1201?
81
What is the remainder when 771 is divided by 386?
385
Calculate the remainder when 29336 is divided by 7327.
28
Calculate the remainder when 17545 is divided by 166.
115
Calculate the remainder when 185956 is divided by 11.
1
Calculate the remainder when 30528 is divided by 97.
70
Calculate the remainder when 5403 is divided by 95.
83
What is the remainder when 35378 is divided by 305?
303
Calculate the remainder when 156884 is divided by 7131.
2
Calculate the remainder when 19958 is divided by 38.
8
Calculate the remainder when 7019 is divided by 39.
38
Calculate the remainder when 3792 is divided by 705.
267
What is the remainder when 55619 is divided by 24?
11
What is the remainder when 4135 is divided by 1360?
55
What is the remainder when 1470 is divided by 12?
6
Calculate the remainder when 75555 is divided by 12590.
15
What is the remainder when 778 is divided by 58?
24
What is the remainder when 439829 is divided by 271?
267
Calculate the remainder when 6584 is divided by 174.
146
What is the remainder when 44537 is divided by 295?
287
Calculate the remainder when 6004303 is divided by 254.
251
Calculate the remainder when 1468447 is divided by 218.
217
What is the remainder when 129320 is divided by 3591?
44
What is the remainder when 3227246 is divided by 311?
310
What is the remainder when 157075 is divided by 279?
277
Calculate the remainder when 2845 is divided by 221.
193
What is the remainder when 1558178 is divided by 845?
843
Calculate the remainder when 4070 is divided by 1595.
880
What is the remainder when 3114 is divided by 573?
249
What is the remainder when 74551 is divided by 228?
223
Calculate the remainder when 91911 is divided by 8.
7
What is the remainder when 3822 is divided by 2542?
1280
Calculate the remainder when 7057 is divided by 2348.
13
What is the remainder when 37642 is divided by 24?
10
What is the remainder when 9769 is divided by 9595?
174
What is the remainder when 49458 is divided by 2248?
2
Calculate the remainder when 1077 is divided by 57.
51
Calculate the remainder when 5747 is divided by 940.
107
Calculate the remainder when 1179 is divided by 139.
67
What is the remainder when 53985 is divided by 3373?
17
Calculate the remainder when 206644 is divided by 185.
184
Calculate the remainder when 970 is divided by 562.
408
Calculate the remainder when 2662 is divided by 1141.
380
Calculate the remainder when 605 is divided by 602.
3
Calculate the remainder when 127319 is divided by 1462.
125
What is the remainder when 2645 is divided by 9?
8
What is the remainder when 3756 is divided by 139?
3
What is the remainder when 362676 is divided by 58?
2
Calculate the remainder when 183180 is divided by 61055.
15
What is the remainder when 1149 is divided by 847?
302
Calculate the remainder when 24382 is divided by 127.
125
What is the remainder when 4177 is divided by 67?
23
What is the re